he prime factors of n.
2, 149
Suppose -5*d + 850 = j, -2*d + 332 = 7*j - 5*j. What are the prime factors of 9006/14 + -3 + d/63?
643
Suppose 5*r - 10 = 0, 4*f - 2*r - 2*r - 164 = 0. Suppose 11*j - 16*j = z + 43, 2*z = 2*j - 26. Let q = f + z. List the prime factors of q.
5
Suppose 0 = 2*r + o - 13, -4*r - 9 = -4*o - o. Suppose -5*q + r*m = m - 422, 0 = 4*q + 5*m - 308. List the prime factors of q.
2, 41
Suppose 12 = -4*g - 3*m, -2*g - 3*m = 2 + 4. Let k(p) = 41*p**2 + 11*p + 33. List the prime factors of k(g).
3, 41
Let r be (-16)/(-6)*((-408)/(-16) - 9). What are the prime factors of (124/r - 3) + (-185783)/(-143)?
3, 433
Let z(p) = 3*p**2 + 4*p - 9. Let g be z(6). Let x(n) = n**3 - 3*n**2 - 11*n + 7. Let m be x(5). Suppose m*v - g = 55. List the prime factors of v.
89
Let v = 308 - 304. Suppose 0 = -l + 5*c + 443 + 184, -v*l = -3*c - 2457. List the prime factors of l.
2, 3, 17
Let n = -67 + 139. Let c = -72 + n. Suppose c = p - 21 - 126. What are the prime factors of p?
3, 7
Suppose 0 = 3*t - 5*h - 40, h + 3*h = -4*t. Suppose -t*m = 2*m - 1008. Suppose -5*y - v + m = -267, -5*v = -4*y + 352. List the prime factors of y.
83
Suppose -297*p + 591*p + 10624 = 296*p. What are the prime factors of p?
2, 83
Let k be 4 + 477 + (4 - 1) + -9. Suppose 10*z + k = 4295. What are the prime factors of z?
2, 191
Let q = -4056 - -11851. What are the prime factors of q?
5, 1559
List the prime factors of (636576/(-56))/((-34)/119) - 3.
3, 89, 149
Suppose -14*n = -15*n + 497. Suppose 0 = 5*x, -x - n - 1873 = -3*q. What are the prime factors of q?
2, 5, 79
Let j = -355 - -211. Let c = j + 274. Let x = 208 - c. What are the prime factors of x?
2, 3, 13
Let o = -51 + 78. Let l be (o - 29) + 765 + 1. Suppose -i = 3*a + 214 - l, -5*i - 562 = -3*a. What are the prime factors of a?
2, 23
Suppose -6*j + 513 = 195. Let l = j - 33. Suppose 0 = -15*a + l*a - 750. List the prime factors of a.
2, 3, 5
List the prime factors of 0 + 10111 - 13*100/130.
3, 7, 13, 37
Suppose -205*u + 711086 = -55758 - 1427681. List the prime factors of u.
5, 2141
Suppose -36*i + 40*i - 21146 = -3*t, 3*t = 3*i - 15849. What are the prime factors of i?
5, 7, 151
Let i(a) = -34*a - 1 + 71*a - a. List the prime factors of i(2).
71
Let f(z) = -324*z - 3223. What are the prime factors of f(-25)?
4877
Let s be (-22 + 2)*(-3666)/(-104). What are the prime factors of 12*(-3)/(-45) + s/(-25)?
29
Let x = -10654 + 15819. List the prime factors of x.
5, 1033
Suppose -794769 + 141051 = -102*h. What are the prime factors of h?
13, 17, 29
Suppose 0 = -y + 91 + 137. Suppose -4*d - y = 4*a, 6*a - a - 2*d = -250. Let u = a - -55. What are the prime factors of u?
3
Let y(m) = 3*m**3 + 37*m**2 - 71*m - 20. List the prime factors of y(16).
2, 3, 17, 101
Suppose 16*h - 20*h = 844. Let u = -84 - h. List the prime factors of u.
127
Suppose 3415 = 3*w - 10*w + 18255. List the prime factors of w.
2, 5, 53
Let x = -53 + 93. Suppose -x = 84*z - 88*z. Suppose z*w = 11*w - 63. What are the prime factors of w?
3, 7
Let v = 2209 + -1666. List the prime factors of v.
3, 181
Let c(f) = 104*f**3 - 10*f**2 + f - 5. What are the prime factors of c(6)?
5, 4421
Let l(d) = -16*d**3 - d**2 + d. Let s be l(-1). Let i(g) = 21*g - 10. What are the prime factors of i(s)?
2, 71
Suppose -a = 5*t - 24534, -12*t + 13*t - 24518 = -a. List the prime factors of a.
2, 7, 17, 103
Let s(m) = 1196*m + 324. What are the prime factors of s(25)?
2, 1889
Suppose -98*z = -4*b - 95*z + 55112, -3*b - 5*z = -41363. List the prime factors of b.
13781
Let c(i) = -2*i**3 - 29*i**2 - 6*i - 29. What are the prime factors of c(-22)?
37, 199
Suppose 0 = -348*l + 345*l + 5*h + 24738, 0 = -3*l - h + 24738. List the prime factors of l.
2, 7, 19, 31
Let v be (-5 - -5)/(1 + -4). Suppose v = 11*r - 6581 + 498. What are the prime factors of r?
7, 79
Let f(j) = -22*j + 5. Let r be (4*(-5)/(-20))/(-1). List the prime factors of f(r).
3
Let c = -552 - -939. Let d = -197 + c. Suppose 0 = -l - 3*f + 5*f + 66, 3*l - 4*f = d. List the prime factors of l.
2, 29
Let d be (-1 - 1)*(-146 - -6). Let r = -113 + d. List the prime factors of r.
167
Suppose -13*c = -12*c - 3. What are the prime factors of -7*((-115)/c - 2/(-6))?
2, 7, 19
Let z be (3/4)/(27/3816). List the prime factors of z + (0 + 4 - 6).
2, 13
Suppose -4*f + 15338 = 3*h + 4217, -5*h - 5567 = -2*f. Suppose 5*i - f + 111 = 0. List the prime factors of i.
2, 3, 89
Let a be 20/8 + (-3)/(-2). Suppose -2 + 14 = r - 2*s, -a*r + 2*s = -24. Suppose -268 = -4*b - 4*j, -r*j + 7 = -2*b + 129. List the prime factors of b.
5, 13
Let t = 23594 - 15568. List the prime factors of t.
2, 4013
Let t = -8126 + 19431. List the prime factors of t.
5, 7, 17, 19
Let m be (4 + -7)*1*-1. Let f = -3 - m. List the prime factors of f/(-9) + 57/9.
7
Suppose 173*a - 6699951 = 248835 + 2926919. List the prime factors of a.
5, 7, 233
Suppose 655 = 10*l + 385. Suppose -g = -163 + 50. Let p = g + l. What are the prime factors of p?
2, 5, 7
Suppose -10*x + 18270 = 11*x. Let t = x + -197. What are the prime factors of t?
673
Let o(f) = 4*f - 38. Let i be o(8). What are the prime factors of (-322 - i)/((-10)/15)?
2, 3, 79
Let z = -238 + -26. Let o = 649 + z. List the prime factors of o.
5, 7, 11
Suppose 541 = -g + 3063. Suppose -42*y = 2*x - 46*y - g, 8 = -2*y. List the prime factors of x.
7, 179
Let c be ((-12)/(-8) - 3)*-2. Suppose 1444 = c*n - b, 5*b = 3*n + n - 1929. What are the prime factors of 5/((-40)/1) - n/(-8)?
2, 3, 5
Let m(z) = 2*z**3 - 2*z**2 - 11. Let b be m(-7). Let c = b + 1870. What are the prime factors of c?
5, 43
Suppose 4*b - 21 = -0*p - p, 2 = -2*b. Suppose -3*i + 4*k = -k + 10, -4*k = i - p. Suppose 0 = 3*s + 4 + 5, -3*s + 331 = i*a. What are the prime factors of a?
2, 17
Let h(y) = -y + 11. Let p be h(7). Suppose p*n + 23 = 7. What are the prime factors of (-34)/n*(4 + 6)?
5, 17
Let a(v) = 202*v**2 + 17*v + 21. List the prime factors of a(4).
3, 41
Let d = -272 + 202. Suppose -n + 206 = -2*n. Let g = d - n. What are the prime factors of g?
2, 17
Suppose 0 = -37*c + 39*c - 10. Suppose -2366 = -18*h + c*h. List the prime factors of h.
2, 7, 13
Suppose 73785 = 15*i - 258600. What are the prime factors of i?
22159
Let b(p) = -5*p**3 + 8*p**2 + 6*p - 29. List the prime factors of b(-4).
5, 79
Let n be 0 + 0 + -6 + 8. Let s be (-12)/(-4)*n/(-3). List the prime factors of 58 + s + -2 + 1.
5, 11
Let a = 654 + -211. Let i = 1119 - a. List the prime factors of i.
2, 13
Let m(r) = 24*r**2 - 10*r + 9. Let c be m(3). List the prime factors of (-295)/2*(-1482)/c.
19, 59
Suppose 5*w = -5*w + 8270. Suppose 3*x - w = 3*t + 577, t = 4*x - 1884. Suppose -5*o + 0*o = -2*a - 625, 4*o - x = -4*a. What are the prime factors of o?
3, 41
Let h(n) = -n**2 + n + 15. Let m be h(0). Let x be -5*(-2)/m + 188/6. Suppose 13*p + x = 14*p. What are the prime factors of p?
2
Let y = 59 + -58. Suppose -6 - y = -r + 3*p, 0 = 2*r - 4*p - 4. Let x(d) = -4*d - 19. What are the prime factors of x(r)?
13
Let t(v) = 5*v**3 + 5*v**2 - 10*v - 26. What are the prime factors of t(5)?
2, 337
Let a be ((-1)/(7/18))/((-291)/1358). Suppose 10*p + a*p - 14300 = 0. List the prime factors of p.
2, 5, 13
Suppose 0 = -2*x - l - 660, -3*l = -2*l + 2. Let d = 128 - x. What are the prime factors of d?
457
Let n(x) = 610*x**2 + 56*x - 6. What are the prime factors of n(4)?
2, 3, 1663
Suppose 3*g = 457 - 460, -3*x - 4*g + 155702 = 0. What are the prime factors of x?
2, 25951
Let o(n) = -2*n + 2. Let c be o(3). Let j be (1/3)/(c/(-180)). Suppose -j = -5*l, 4*b + l - 2*l = 45. What are the prime factors of b?
2, 3
List the prime factors of 6399/9*(3 - -5).
2, 3, 79
Let t = 782 - 782. List the prime factors of -1 + (t/(-8) - 237*-6).
7, 29
Let q = 832 + -414. Suppose 2*b - q = -5*s, s - b - 74 = 4. What are the prime factors of s?
2, 41
Let t = -36 - -44. Suppose -4*w + t*w = 428. List the prime factors of w.
107
Let d(p) = 2142*p + 366. List the prime factors of d(7).
2, 3, 5
Let n(j) = 73*j**2 + 39*j + 134. Let f(u) = -27*u - 301. Let h be f(-11). What are the prime factors of n(h)?
2, 3, 191
Let l = 18 + 32. Suppose -2*i - 198 = 4*s, 4*s - 4*i + 230 = l. Let f = s + 72. What are the prime factors of f?
2, 3
List the prime factors of (-10231950)/(-325) + (-24)/26.
2, 3, 11, 53
Let d = 1857